{"id":9498,"date":"2024-08-21T18:24:45","date_gmt":"2024-08-21T18:24:45","guid":{"rendered":"https:\/\/www.academiahistoriamilitar.cl\/academia\/?post_type=product&#038;p=9498"},"modified":"2026-03-11T13:00:08","modified_gmt":"2026-03-11T13:00:08","slug":"las-batallas-de-concon-y-placilla","status":"publish","type":"product","link":"https:\/\/www.academiahistoriamilitar.cl\/academia\/producto\/las-batallas-de-concon-y-placilla\/","title":{"rendered":"Las Batallas de Conc\u00f3n y Placilla"},"content":{"rendered":"<p><strong>Autor:<\/strong> Andr\u00e9s Avenda\u00f1o Rojas.<br \/>\n<strong>Formato:<\/strong> Libro, Tapa blanda<br \/>\n<strong>298 p\u00e1ginas<\/strong><\/p>\n<p>Esta obra no pretende adentrarse en las consideraciones pol\u00edticas, econ\u00f3micas o sociales que causaron o se derivaron de la Revoluci\u00f3n de 1891. A lo que se invita al lector es a efectuar una revisi\u00f3n de los factores que habr\u00edan influido en el desenlace de las dos principales batallas: la de Conc\u00f3n y la de Placilla, acaecidas el 21 y 28 de agosto de 1891, respectivamente.<\/p>\n<p>El autor, recurriendo a la teor\u00eda estrat\u00e9gica, busca explicar por qu\u00e9 fuerzas num\u00e9ricamente inferiores pudieron imponer \u2014con dram\u00e1tica contundencia\u2014 su voluntad sobre un enemigo que era o deb\u00eda ser superior. En estas p\u00e1ginas se deja en evidencia que Conc\u00f3n y Placilla fueron realmente \u201cbatallas decisivas\u201d, en las que murieron m\u00e1s soldados que en los m\u00e1s crudos combates de la Guerra del Pac\u00edfico \u2014llegando a ostentar el lacerante t\u00edtulo de ser las batallas m\u00e1s sangrientas de la historia militar chilena\u2014 y en las que se enfrentaron soldados que a\u00f1os antes hab\u00edan llenado de gloria a nuestro pa\u00eds luchando tras los mismos ideales.<\/p>\n","protected":false},"excerpt":{"rendered":"<p>Autor: Andr\u00e9s Avenda\u00f1o Rojas. Formato: Libro, Tapa blanda 298 p\u00e1ginas Esta obra no<span class=\"excerpt-hellip\"> [\u2026]<\/span><\/p>\n","protected":false},"featured_media":9551,"template":"","meta":[],"product_brand":[],"product_cat":[71],"product_tag":[],"class_list":{"0":"post-9498","1":"product","2":"type-product","3":"status-publish","4":"has-post-thumbnail","6":"product_cat-libros","8":"first","9":"instock","10":"shipping-taxable","11":"purchasable","12":"product-type-simple"},"_links":{"self":[{"href":"https:\/\/www.academiahistoriamilitar.cl\/academia\/wp-json\/wp\/v2\/product\/9498","targetHints":{"allow":["GET"]}}],"collection":[{"href":"https:\/\/www.academiahistoriamilitar.cl\/academia\/wp-json\/wp\/v2\/product"}],"about":[{"href":"https:\/\/www.academiahistoriamilitar.cl\/academia\/wp-json\/wp\/v2\/types\/product"}],"wp:featuredmedia":[{"embeddable":true,"href":"https:\/\/www.academiahistoriamilitar.cl\/academia\/wp-json\/wp\/v2\/media\/9551"}],"wp:attachment":[{"href":"https:\/\/www.academiahistoriamilitar.cl\/academia\/wp-json\/wp\/v2\/media?parent=9498"}],"wp:term":[{"taxonomy":"product_brand","embeddable":true,"href":"https:\/\/www.academiahistoriamilitar.cl\/academia\/wp-json\/wp\/v2\/product_brand?post=9498"},{"taxonomy":"product_cat","embeddable":true,"href":"https:\/\/www.academiahistoriamilitar.cl\/academia\/wp-json\/wp\/v2\/product_cat?post=9498"},{"taxonomy":"product_tag","embeddable":true,"href":"https:\/\/www.academiahistoriamilitar.cl\/academia\/wp-json\/wp\/v2\/product_tag?post=9498"}],"curies":[{"name":"wp","href":"https:\/\/api.w.org\/{rel}","templated":true}]}}

Las Batallas de Concón y Placilla

<p><strong>Autor:</strong> Andrés Avendaño Rojas.<br />
<strong>Formato:</strong> Libro, Tapa blanda<br />
<strong>298 páginas</strong></p>
<p>Esta obra no pretende adentrarse en las consideraciones políticas, económicas o sociales que causaron o se derivaron de la Revolución de 1891. A lo que se invita al lector es a efectuar una revisión de los factores que habrían influido en el desenlace de las dos principales batallas: la de Concón y la de Placilla, acaecidas el 21 y 28 de agosto de 1891, respectivamente.</p>
<p>El autor, recurriendo a la teoría estratégica, busca explicar por qué fuerzas numéricamente inferiores pudieron imponer —con dramática contundencia— su voluntad sobre un enemigo que era o debía ser superior. En estas páginas se deja en evidencia que Concón y Placilla fueron realmente “batallas decisivas”, en las que murieron más soldados que en los más crudos combates de la Guerra del Pacífico —llegando a ostentar el lacerante título de ser las batallas más sangrientas de la historia militar chilena— y en las que se enfrentaron soldados que años antes habían llenado de gloria a nuestro país luchando tras los mismos ideales.</p>

<p>Autor: Andrés Avendaño Rojas. Formato: Libro, Tapa blanda 298 páginas Esta obra no<span class="excerpt-hellip"> […]</span></p>
