{"id":9473,"date":"2024-08-20T20:56:48","date_gmt":"2024-08-20T20:56:48","guid":{"rendered":"https:\/\/www.academiahistoriamilitar.cl\/academia\/?post_type=product&#038;p=9473"},"modified":"2026-03-11T13:32:59","modified_gmt":"2026-03-11T13:32:59","slug":"el-ejercito-libertador-del-peru-de-la-gloria-al-olvido","status":"publish","type":"product","link":"https:\/\/www.academiahistoriamilitar.cl\/academia\/producto\/el-ejercito-libertador-del-peru-de-la-gloria-al-olvido\/","title":{"rendered":"El Ej\u00e9rcito Libertador del Per\u00fa: De la Gloria al Olvido"},"content":{"rendered":"<p><strong>Editor:<\/strong> Academia de Historia Militar.<br \/>\n<strong>Formato:<\/strong> Cuadernillo, Tapa blanda<br \/>\n<strong>102 p\u00e1ginas<\/strong><\/p>\n<p>Con motivo de la conmemoraci\u00f3n del bicentenario del zarpe de la Expedici\u00f3n Libertadora del Per\u00fa \u2014la cual trasport\u00f3 a tierras peruanas al Ej\u00e9rcito Libertador\u2014, la Academia de Historia Militar ha querido rendir un homenaje a esos miles de compatriotas que partieron fuera de Chile para combatir en favor de la independencia sudamericana, y tambi\u00e9n a las autoridades nacionales y a la sociedad chilena de la \u00e9poca, que hicieron un esfuerzo supremo, tanto humano como econ\u00f3mico, con la finalidad de hacer realidad esta empresa b\u00e9lica.<\/p>\n<p>Para ello, la Academia presenta esta obra dirigida principalmente a nuestra juventud y, por supuesto, a todos quienes se interesan por nuestra historia, con el prop\u00f3sito de que conozcan este destacado y poco conocido episodio de la historia nacional, que tanta significaci\u00f3n tuvo en el proceso de la emancipaci\u00f3n hispanoamericana.<\/p>\n","protected":false},"excerpt":{"rendered":"<p>Editor: Academia de Historia Militar. Formato: Cuadernillo, Tapa blanda 102 p\u00e1ginas Con motivo<span class=\"excerpt-hellip\"> [\u2026]<\/span><\/p>\n","protected":false},"featured_media":9555,"template":"","meta":[],"product_brand":[],"product_cat":[71],"product_tag":[],"class_list":{"0":"post-9473","1":"product","2":"type-product","3":"status-publish","4":"has-post-thumbnail","6":"product_cat-libros","8":"first","9":"instock","10":"shipping-taxable","11":"purchasable","12":"product-type-simple"},"_links":{"self":[{"href":"https:\/\/www.academiahistoriamilitar.cl\/academia\/wp-json\/wp\/v2\/product\/9473","targetHints":{"allow":["GET"]}}],"collection":[{"href":"https:\/\/www.academiahistoriamilitar.cl\/academia\/wp-json\/wp\/v2\/product"}],"about":[{"href":"https:\/\/www.academiahistoriamilitar.cl\/academia\/wp-json\/wp\/v2\/types\/product"}],"wp:featuredmedia":[{"embeddable":true,"href":"https:\/\/www.academiahistoriamilitar.cl\/academia\/wp-json\/wp\/v2\/media\/9555"}],"wp:attachment":[{"href":"https:\/\/www.academiahistoriamilitar.cl\/academia\/wp-json\/wp\/v2\/media?parent=9473"}],"wp:term":[{"taxonomy":"product_brand","embeddable":true,"href":"https:\/\/www.academiahistoriamilitar.cl\/academia\/wp-json\/wp\/v2\/product_brand?post=9473"},{"taxonomy":"product_cat","embeddable":true,"href":"https:\/\/www.academiahistoriamilitar.cl\/academia\/wp-json\/wp\/v2\/product_cat?post=9473"},{"taxonomy":"product_tag","embeddable":true,"href":"https:\/\/www.academiahistoriamilitar.cl\/academia\/wp-json\/wp\/v2\/product_tag?post=9473"}],"curies":[{"name":"wp","href":"https:\/\/api.w.org\/{rel}","templated":true}]}}

El Ejército Libertador del Perú: De la Gloria al Olvido

<p><strong>Editor:</strong> Academia de Historia Militar.<br />
<strong>Formato:</strong> Cuadernillo, Tapa blanda<br />
<strong>102 páginas</strong></p>
<p>Con motivo de la conmemoración del bicentenario del zarpe de la Expedición Libertadora del Perú —la cual trasportó a tierras peruanas al Ejército Libertador—, la Academia de Historia Militar ha querido rendir un homenaje a esos miles de compatriotas que partieron fuera de Chile para combatir en favor de la independencia sudamericana, y también a las autoridades nacionales y a la sociedad chilena de la época, que hicieron un esfuerzo supremo, tanto humano como económico, con la finalidad de hacer realidad esta empresa bélica.</p>
<p>Para ello, la Academia presenta esta obra dirigida principalmente a nuestra juventud y, por supuesto, a todos quienes se interesan por nuestra historia, con el propósito de que conozcan este destacado y poco conocido episodio de la historia nacional, que tanta significación tuvo en el proceso de la emancipación hispanoamericana.</p>

<p>Editor: Academia de Historia Militar. Formato: Cuadernillo, Tapa blanda 102 páginas Con motivo<span class="excerpt-hellip"> […]</span></p>
