{"id":9471,"date":"2024-08-20T20:52:41","date_gmt":"2024-08-20T20:52:41","guid":{"rendered":"https:\/\/www.academiahistoriamilitar.cl\/academia\/?post_type=product&#038;p=9471"},"modified":"2026-04-29T19:42:12","modified_gmt":"2026-04-29T19:42:12","slug":"la-logia-en-la-independencia-de-chile","status":"publish","type":"product","link":"https:\/\/www.academiahistoriamilitar.cl\/academia\/producto\/la-logia-en-la-independencia-de-chile\/","title":{"rendered":"La logia en la Independencia de Chile"},"content":{"rendered":"<p><strong>Autor:<\/strong> Roberto Arancibia Clavel.<br \/>\n<strong>Formato: <\/strong>Cuadernillo, Tapa blanda<br \/>\n<strong>129 p\u00e1ginas<\/strong><\/p>\n<p>La mayor parte de los chilenos hemos escuchado hablar de la Logia Lautaro, pero poco es lo que conocemos de ella. En el imaginario colectivo se la asocia a pr\u00e1cticas mas\u00f3nicas, a secretismo, a finalidades pol\u00edticas y, en definitiva, a la lucha por el poder.<\/p>\n<p>La Academia de Historia Militar ha querido traer luz sobre estas interrogantes, poniendo a disposici\u00f3n de nuestros lectores este nuevo trabajo del general Roberto Arancibia Clavel, en el cual, con claridad y fundamento, indaga sobre los or\u00edgenes, la organizaci\u00f3n, expansi\u00f3n y sobre quienes fueron los principales l\u00edderes de esta Logia, que tanta influencia tuvo en los procesos independentistas de Argentina, Chile y Per\u00fa.<\/p>\n","protected":false},"excerpt":{"rendered":"<p>Autor: Roberto Arancibia Clavel. Formato: Cuadernillo, Tapa blanda 129 p\u00e1ginas La mayor parte<span class=\"excerpt-hellip\"> [\u2026]<\/span><\/p>\n","protected":false},"featured_media":9472,"template":"","meta":[],"product_brand":[],"product_cat":[71],"product_tag":[],"class_list":{"0":"post-9471","1":"product","2":"type-product","3":"status-publish","4":"has-post-thumbnail","6":"product_cat-libros","8":"first","9":"instock","10":"shipping-taxable","11":"purchasable","12":"product-type-simple"},"_links":{"self":[{"href":"https:\/\/www.academiahistoriamilitar.cl\/academia\/wp-json\/wp\/v2\/product\/9471","targetHints":{"allow":["GET"]}}],"collection":[{"href":"https:\/\/www.academiahistoriamilitar.cl\/academia\/wp-json\/wp\/v2\/product"}],"about":[{"href":"https:\/\/www.academiahistoriamilitar.cl\/academia\/wp-json\/wp\/v2\/types\/product"}],"wp:featuredmedia":[{"embeddable":true,"href":"https:\/\/www.academiahistoriamilitar.cl\/academia\/wp-json\/wp\/v2\/media\/9472"}],"wp:attachment":[{"href":"https:\/\/www.academiahistoriamilitar.cl\/academia\/wp-json\/wp\/v2\/media?parent=9471"}],"wp:term":[{"taxonomy":"product_brand","embeddable":true,"href":"https:\/\/www.academiahistoriamilitar.cl\/academia\/wp-json\/wp\/v2\/product_brand?post=9471"},{"taxonomy":"product_cat","embeddable":true,"href":"https:\/\/www.academiahistoriamilitar.cl\/academia\/wp-json\/wp\/v2\/product_cat?post=9471"},{"taxonomy":"product_tag","embeddable":true,"href":"https:\/\/www.academiahistoriamilitar.cl\/academia\/wp-json\/wp\/v2\/product_tag?post=9471"}],"curies":[{"name":"wp","href":"https:\/\/api.w.org\/{rel}","templated":true}]}}