{"id":9464,"date":"2024-08-20T18:31:58","date_gmt":"2024-08-20T18:31:58","guid":{"rendered":"https:\/\/www.academiahistoriamilitar.cl\/academia\/?post_type=product&#038;p=9464"},"modified":"2024-11-14T12:57:15","modified_gmt":"2024-11-14T12:57:15","slug":"historia-del-ejercito-de-chile-tomo-3-de-la-profesionalizacion-de-la-guerra-fria","status":"publish","type":"product","link":"https:\/\/www.academiahistoriamilitar.cl\/academia\/producto\/historia-del-ejercito-de-chile-tomo-3-de-la-profesionalizacion-de-la-guerra-fria\/","title":{"rendered":"Historia del Ej\u00e9rcito de Chile, Tomo III, De la Profesionalizaci\u00f3n de la Guerra Fr\u00eda"},"content":{"rendered":"<p><strong>Autor:<\/strong> Academia de Historia Militar.<br \/>\n<strong>Formato:<\/strong> Libro, Tapa blanda<br \/>\n<strong>684 p\u00e1ginas<\/strong><\/p>\n<p>Este Tomo III De la Profesionalizaci\u00f3n a la Guerra Fr\u00eda, de la \u201cHistoria del Ej\u00e9rcito de Chile\u201d, describe los profundos cambios organizacionales, educacionales y culturales que se derivaron del proceso de profesionalizaci\u00f3n del Ej\u00e9rcito siguiendo el modelo militar proveniente del Imperio Alem\u00e1n, los que tuvieron su apogeo con la gran Reforma de 1906 y que se extendi\u00f3 hasta pasada la d\u00e9cada de 1930.<\/p>\n<p>Las consecuencias pol\u00edticas que se derivaron de la b\u00fasqueda o anhelos de cambios econ\u00f3micos y sociales, y el impacto que aquellos tendr\u00edan en la cultura y el pensamiento de los oficiales del Ej\u00e9rcito, son reflejados al describir las actuaciones pol\u00edticas de la instituci\u00f3n durante este per\u00edodo. Culmina este tomo, explorando las complejidades, carencias y efectos en la instituci\u00f3n durante los gobiernos radicales y la segunda administraci\u00f3n de Carlos Ib\u00e1\u00f1ez del Campo, per\u00edodos en que se acrecent\u00f3 la pauperizaci\u00f3n institucional iniciada como consecuencia de los grav\u00edsimos efectos locales de la Gran Depresi\u00f3n de 1929 y de la reacci\u00f3n civilista, que devolvi\u00f3 a los militares a sus cuarteles, lo que se tradujo en frustraci\u00f3n profesional y, como m\u00e1s adelante se ver\u00e1, en vientos de rebeli\u00f3n.<\/p>\n","protected":false},"excerpt":{"rendered":"<p>Autor: Academia de Historia Militar. Formato: Libro, Tapa blanda 684 p\u00e1ginas Este Tomo<span class=\"excerpt-hellip\"> [\u2026]<\/span><\/p>\n","protected":false},"featured_media":9465,"template":"","meta":[],"product_brand":[],"product_cat":[71],"product_tag":[],"class_list":{"0":"post-9464","1":"product","2":"type-product","3":"status-publish","4":"has-post-thumbnail","6":"product_cat-libros","8":"first","9":"instock","10":"shipping-taxable","11":"purchasable","12":"product-type-simple"},"_links":{"self":[{"href":"https:\/\/www.academiahistoriamilitar.cl\/academia\/wp-json\/wp\/v2\/product\/9464","targetHints":{"allow":["GET"]}}],"collection":[{"href":"https:\/\/www.academiahistoriamilitar.cl\/academia\/wp-json\/wp\/v2\/product"}],"about":[{"href":"https:\/\/www.academiahistoriamilitar.cl\/academia\/wp-json\/wp\/v2\/types\/product"}],"wp:featuredmedia":[{"embeddable":true,"href":"https:\/\/www.academiahistoriamilitar.cl\/academia\/wp-json\/wp\/v2\/media\/9465"}],"wp:attachment":[{"href":"https:\/\/www.academiahistoriamilitar.cl\/academia\/wp-json\/wp\/v2\/media?parent=9464"}],"wp:term":[{"taxonomy":"product_brand","embeddable":true,"href":"https:\/\/www.academiahistoriamilitar.cl\/academia\/wp-json\/wp\/v2\/product_brand?post=9464"},{"taxonomy":"product_cat","embeddable":true,"href":"https:\/\/www.academiahistoriamilitar.cl\/academia\/wp-json\/wp\/v2\/product_cat?post=9464"},{"taxonomy":"product_tag","embeddable":true,"href":"https:\/\/www.academiahistoriamilitar.cl\/academia\/wp-json\/wp\/v2\/product_tag?post=9464"}],"curies":[{"name":"wp","href":"https:\/\/api.w.org\/{rel}","templated":true}]}}

Historia del Ejército de Chile, Tomo III, De la Profesionalización de la Guerra Fría

<p><strong>Autor:</strong> Academia de Historia Militar.<br />
<strong>Formato:</strong> Libro, Tapa blanda<br />
<strong>684 páginas</strong></p>
<p>Este Tomo III De la Profesionalización a la Guerra Fría, de la “Historia del Ejército de Chile”, describe los profundos cambios organizacionales, educacionales y culturales que se derivaron del proceso de profesionalización del Ejército siguiendo el modelo militar proveniente del Imperio Alemán, los que tuvieron su apogeo con la gran Reforma de 1906 y que se extendió hasta pasada la década de 1930.</p>
<p>Las consecuencias políticas que se derivaron de la búsqueda o anhelos de cambios económicos y sociales, y el impacto que aquellos tendrían en la cultura y el pensamiento de los oficiales del Ejército, son reflejados al describir las actuaciones políticas de la institución durante este período. Culmina este tomo, explorando las complejidades, carencias y efectos en la institución durante los gobiernos radicales y la segunda administración de Carlos Ibáñez del Campo, períodos en que se acrecentó la pauperización institucional iniciada como consecuencia de los gravísimos efectos locales de la Gran Depresión de 1929 y de la reacción civilista, que devolvió a los militares a sus cuarteles, lo que se tradujo en frustración profesional y, como más adelante se verá, en vientos de rebelión.</p>

<p>Autor: Academia de Historia Militar. Formato: Libro, Tapa blanda 684 páginas Este Tomo<span class="excerpt-hellip"> […]</span></p>
