{"id":9462,"date":"2024-08-20T18:30:02","date_gmt":"2024-08-20T18:30:02","guid":{"rendered":"https:\/\/www.academiahistoriamilitar.cl\/academia\/?post_type=product&#038;p=9462"},"modified":"2024-11-14T12:55:44","modified_gmt":"2024-11-14T12:55:44","slug":"historia-del-ejercito-de-chile-tomo-2-gloria-y-tragedia","status":"publish","type":"product","link":"https:\/\/www.academiahistoriamilitar.cl\/academia\/producto\/historia-del-ejercito-de-chile-tomo-2-gloria-y-tragedia\/","title":{"rendered":"Historia del Ej\u00e9rcito de Chile, Tomo II, Gloria y Tragedia"},"content":{"rendered":"<p><strong>Autor:<\/strong> Academia de Historia Militar.<br \/>\n<strong>Formato:<\/strong> Libro, Tapa blanda<br \/>\n<strong>762 p\u00e1ginas<\/strong><\/p>\n<p>El Tomo II Gloria y Tragedia, de la \u201cHistoria del Ej\u00e9rcito de Chile\u201d, revisa el per\u00edodo comprendido entre el t\u00e9rmino de la guerra contra la Confederaci\u00f3n Per\u00fa-boliviana (1840), hasta la Guerra Civil de 1891. Como se podr\u00e1 observar, durante estos a\u00f1os el Ej\u00e9rcito fue actor central en las convulsiones pol\u00edticas internas del pa\u00eds, en una \u00e9poca que, como r\u00e9plica de las disputas de 1830, se volvieron a producir en 1851 y 1859 durante el gobierno de Manuel Montt; y alcanzaron su c\u00e9nit durante la Guerra Civil de 1891.<\/p>\n<p>En otra dimensi\u00f3n, en este volumen tambi\u00e9n se describe el papel que durante este per\u00edodo cumpli\u00f3 el Ej\u00e9rcito, en tanto instrumento del Estado, para la integraci\u00f3n efectiva a la soberan\u00eda nacional de los vastos territorios de la Araucan\u00eda y de Magallanes. Adem\u00e1s, muy principalmente, se ahonda en la que puede ser considerada como la contribuci\u00f3n m\u00e1s decisiva y gloriosa del Ej\u00e9rcito a la configuraci\u00f3n territorial del Estado de Chile: su participaci\u00f3n en la Guerra del Pac\u00edfico. Finalmente, el relato se adentra en la profunda y dolorosa ruptura de nuestra convivencia pol\u00edtica con ocasi\u00f3n de la Guerra Civil de 1891, en la que el Ej\u00e9rcito se dividi\u00f3, enfrent\u00e1ndose quienes hac\u00eda poco hab\u00edan combatido estrechamente unidos durante la Guerra del Pac\u00edfico.<\/p>\n","protected":false},"excerpt":{"rendered":"<p>Autor: Academia de Historia Militar. Formato: Libro, Tapa blanda 762 p\u00e1ginas El Tomo<span class=\"excerpt-hellip\"> [\u2026]<\/span><\/p>\n","protected":false},"featured_media":9560,"template":"","meta":[],"product_brand":[],"product_cat":[71],"product_tag":[],"class_list":{"0":"post-9462","1":"product","2":"type-product","3":"status-publish","4":"has-post-thumbnail","6":"product_cat-libros","8":"first","9":"instock","10":"shipping-taxable","11":"purchasable","12":"product-type-simple"},"_links":{"self":[{"href":"https:\/\/www.academiahistoriamilitar.cl\/academia\/wp-json\/wp\/v2\/product\/9462","targetHints":{"allow":["GET"]}}],"collection":[{"href":"https:\/\/www.academiahistoriamilitar.cl\/academia\/wp-json\/wp\/v2\/product"}],"about":[{"href":"https:\/\/www.academiahistoriamilitar.cl\/academia\/wp-json\/wp\/v2\/types\/product"}],"wp:featuredmedia":[{"embeddable":true,"href":"https:\/\/www.academiahistoriamilitar.cl\/academia\/wp-json\/wp\/v2\/media\/9560"}],"wp:attachment":[{"href":"https:\/\/www.academiahistoriamilitar.cl\/academia\/wp-json\/wp\/v2\/media?parent=9462"}],"wp:term":[{"taxonomy":"product_brand","embeddable":true,"href":"https:\/\/www.academiahistoriamilitar.cl\/academia\/wp-json\/wp\/v2\/product_brand?post=9462"},{"taxonomy":"product_cat","embeddable":true,"href":"https:\/\/www.academiahistoriamilitar.cl\/academia\/wp-json\/wp\/v2\/product_cat?post=9462"},{"taxonomy":"product_tag","embeddable":true,"href":"https:\/\/www.academiahistoriamilitar.cl\/academia\/wp-json\/wp\/v2\/product_tag?post=9462"}],"curies":[{"name":"wp","href":"https:\/\/api.w.org\/{rel}","templated":true}]}}