{"id":9460,"date":"2024-08-20T18:28:19","date_gmt":"2024-08-20T18:28:19","guid":{"rendered":"https:\/\/www.academiahistoriamilitar.cl\/academia\/?post_type=product&#038;p=9460"},"modified":"2026-04-29T19:55:06","modified_gmt":"2026-04-29T19:55:06","slug":"historia-del-ejercito-de-chile-tomo-1-origenes","status":"publish","type":"product","link":"https:\/\/www.academiahistoriamilitar.cl\/academia\/producto\/historia-del-ejercito-de-chile-tomo-1-origenes\/","title":{"rendered":"Historia del Ej\u00e9rcito de Chile, Tomo I, Or\u00edgenes"},"content":{"rendered":"<p><strong>Autor:<\/strong> Academia de Historia Militar<br \/>\n<strong>Formato:<\/strong> Libro, Tapa blanda<br \/>\n<strong>717 p\u00e1ginas<\/strong><\/p>\n<p>La \u201cHistoria del Ej\u00e9rcito de Chile\u201d est\u00e1 concebida en base a cuatro tomos que ser\u00e1n editados sucesiva y progresivamente a partir de diciembre de 2021.<\/p>\n<p>El Tomo I Or\u00edgenes, introduce al lector al desarrollo del Ej\u00e9rcito desde sus tempranos comienzos hispanos en el siglo XVI, con la conformaci\u00f3n del primer Ej\u00e9rcito permanente del Reino de Chile; para, a partir de ah\u00ed, continuar con la revisi\u00f3n de la etapa republicana de la historia del Ej\u00e9rcito, invit\u00e1ndolos a recorrer las campa\u00f1as de la Independencia, la conformaci\u00f3n del Ej\u00e9rcito Libertador del Per\u00fa, la evoluci\u00f3n institucional durante el per\u00edodo de organizaci\u00f3n del Estado, y la participaci\u00f3n del Ej\u00e9rcito en la guerra contra la Confederaci\u00f3n Per\u00fa-boliviana entre 1836 y 1839. Como corolario, el tomo finaliza con una somera descripci\u00f3n de las diferentes configuraciones organizacionales, dependencias y estructuras que adopt\u00f3 el Ej\u00e9rcito durante el siglo XIX, per\u00edodo en el que la promulgaci\u00f3n de la \u201cOrdenanza General para el r\u00e9gimen, disciplina, subordinaci\u00f3n y servicio de los ej\u00e9rcitos de la Rep\u00fablica\u201d de 1839 \u2013 documento que reemplaz\u00f3 a las reales ordenanzas del rey Carlos III\u2013 defini\u00f3 y regul\u00f3 la relaci\u00f3n pol\u00edtico-militar, y tambi\u00e9n norm\u00f3 al Ej\u00e9rcito hasta comienzos del siglo XX.<\/p>\n","protected":false},"excerpt":{"rendered":"<p>Autor: Academia de Historia Militar Formato: Libro, Tapa blanda 717 p\u00e1ginas La \u201cHistoria<span class=\"excerpt-hellip\"> [\u2026]<\/span><\/p>\n","protected":false},"featured_media":9559,"template":"","meta":[],"product_brand":[],"product_cat":[71],"product_tag":[],"class_list":{"0":"post-9460","1":"product","2":"type-product","3":"status-publish","4":"has-post-thumbnail","6":"product_cat-libros","8":"first","9":"instock","10":"virtual","11":"purchasable","12":"product-type-simple"},"_links":{"self":[{"href":"https:\/\/www.academiahistoriamilitar.cl\/academia\/wp-json\/wp\/v2\/product\/9460","targetHints":{"allow":["GET"]}}],"collection":[{"href":"https:\/\/www.academiahistoriamilitar.cl\/academia\/wp-json\/wp\/v2\/product"}],"about":[{"href":"https:\/\/www.academiahistoriamilitar.cl\/academia\/wp-json\/wp\/v2\/types\/product"}],"wp:featuredmedia":[{"embeddable":true,"href":"https:\/\/www.academiahistoriamilitar.cl\/academia\/wp-json\/wp\/v2\/media\/9559"}],"wp:attachment":[{"href":"https:\/\/www.academiahistoriamilitar.cl\/academia\/wp-json\/wp\/v2\/media?parent=9460"}],"wp:term":[{"taxonomy":"product_brand","embeddable":true,"href":"https:\/\/www.academiahistoriamilitar.cl\/academia\/wp-json\/wp\/v2\/product_brand?post=9460"},{"taxonomy":"product_cat","embeddable":true,"href":"https:\/\/www.academiahistoriamilitar.cl\/academia\/wp-json\/wp\/v2\/product_cat?post=9460"},{"taxonomy":"product_tag","embeddable":true,"href":"https:\/\/www.academiahistoriamilitar.cl\/academia\/wp-json\/wp\/v2\/product_tag?post=9460"}],"curies":[{"name":"wp","href":"https:\/\/api.w.org\/{rel}","templated":true}]}}

Historia del Ejército de Chile, Tomo I, Orígenes

<p><strong>Autor:</strong> Academia de Historia Militar<br />
<strong>Formato:</strong> Libro, Tapa blanda<br />
<strong>717 páginas</strong></p>
<p>La “Historia del Ejército de Chile” está concebida en base a cuatro tomos que serán editados sucesiva y progresivamente a partir de diciembre de 2021.</p>
<p>El Tomo I Orígenes, introduce al lector al desarrollo del Ejército desde sus tempranos comienzos hispanos en el siglo XVI, con la conformación del primer Ejército permanente del Reino de Chile; para, a partir de ahí, continuar con la revisión de la etapa republicana de la historia del Ejército, invitándolos a recorrer las campañas de la Independencia, la conformación del Ejército Libertador del Perú, la evolución institucional durante el período de organización del Estado, y la participación del Ejército en la guerra contra la Confederación Perú-boliviana entre 1836 y 1839. Como corolario, el tomo finaliza con una somera descripción de las diferentes configuraciones organizacionales, dependencias y estructuras que adoptó el Ejército durante el siglo XIX, período en el que la promulgación de la “Ordenanza General para el régimen, disciplina, subordinación y servicio de los ejércitos de la República” de 1839 – documento que reemplazó a las reales ordenanzas del rey Carlos III– definió y reguló la relación político-militar, y también normó al Ejército hasta comienzos del siglo XX.</p>

<p>Autor: Academia de Historia Militar Formato: Libro, Tapa blanda 717 páginas La “Historia<span class="excerpt-hellip"> […]</span></p>
