{"id":9456,"date":"2024-08-20T18:21:55","date_gmt":"2024-08-20T18:21:55","guid":{"rendered":"https:\/\/www.academiahistoriamilitar.cl\/academia\/?post_type=product&#038;p=9456"},"modified":"2026-03-11T13:06:07","modified_gmt":"2026-03-11T13:06:07","slug":"la-defensa-de-arica","status":"publish","type":"product","link":"https:\/\/www.academiahistoriamilitar.cl\/academia\/producto\/la-defensa-de-arica\/","title":{"rendered":"La Defensa de Arica"},"content":{"rendered":"<p><strong>Autor:<\/strong> Angelo Castro Gonz\u00e1lez.<br \/>\n<strong>Formato:<\/strong> Libro, Tapa blanda<br \/>\n<strong>458 p\u00e1ginas<\/strong><\/p>\n<p>Durante el siglo XX, afortunadamente, no tuvieron lugar enfrentamientos armados, pero en varias ocasiones el Ej\u00e9rcito fue actor central en la preservaci\u00f3n de la paz. As\u00ed fue entre los a\u00f1os 1892 y 1902, durante la llamada Paz Armada con Argentina; tambi\u00e9n en la crisis de 1920 en la frontera norte con el Per\u00fa, y nuevamente entre los a\u00f1os 1973 y 1976; y, finalmente, en la nueva crisis con Argentina de los a\u00f1os 1977-1978. En todas estas oportunidades, el Ej\u00e9rcito gener\u00f3 la disuasi\u00f3n necesaria que permiti\u00f3 mantener los intereses nacionales y preservar la paz.<\/p>\n<p>Este libro narra la crisis con el Per\u00fa de 1973-1976, quiz\u00e1s la m\u00e1s desconocida por la sociedad chilena, pero que acerc\u00f3 m\u00e1s profundamente a ambos pa\u00edses a la guerra, en un contexto nacional e internacional altamente complejo.<\/p>\n<p>Es este el relato de como el Ej\u00e9rcito chileno, en una situaci\u00f3n de severas carencias materiales, debi\u00f3 enfrentar esta contingencia con improvisaci\u00f3n, esfuerzo, y un profundo sentido del deber.<\/p>\n","protected":false},"excerpt":{"rendered":"<p>Autor: Angelo Castro Gonz\u00e1lez. Formato: Libro, Tapa blanda 458 p\u00e1ginas Durante el siglo<span class=\"excerpt-hellip\"> [\u2026]<\/span><\/p>\n","protected":false},"featured_media":9565,"template":"","meta":[],"product_brand":[],"product_cat":[71],"product_tag":[],"class_list":{"0":"post-9456","1":"product","2":"type-product","3":"status-publish","4":"has-post-thumbnail","6":"product_cat-libros","8":"first","9":"instock","10":"shipping-taxable","11":"purchasable","12":"product-type-simple"},"_links":{"self":[{"href":"https:\/\/www.academiahistoriamilitar.cl\/academia\/wp-json\/wp\/v2\/product\/9456","targetHints":{"allow":["GET"]}}],"collection":[{"href":"https:\/\/www.academiahistoriamilitar.cl\/academia\/wp-json\/wp\/v2\/product"}],"about":[{"href":"https:\/\/www.academiahistoriamilitar.cl\/academia\/wp-json\/wp\/v2\/types\/product"}],"wp:featuredmedia":[{"embeddable":true,"href":"https:\/\/www.academiahistoriamilitar.cl\/academia\/wp-json\/wp\/v2\/media\/9565"}],"wp:attachment":[{"href":"https:\/\/www.academiahistoriamilitar.cl\/academia\/wp-json\/wp\/v2\/media?parent=9456"}],"wp:term":[{"taxonomy":"product_brand","embeddable":true,"href":"https:\/\/www.academiahistoriamilitar.cl\/academia\/wp-json\/wp\/v2\/product_brand?post=9456"},{"taxonomy":"product_cat","embeddable":true,"href":"https:\/\/www.academiahistoriamilitar.cl\/academia\/wp-json\/wp\/v2\/product_cat?post=9456"},{"taxonomy":"product_tag","embeddable":true,"href":"https:\/\/www.academiahistoriamilitar.cl\/academia\/wp-json\/wp\/v2\/product_tag?post=9456"}],"curies":[{"name":"wp","href":"https:\/\/api.w.org\/{rel}","templated":true}]}}