{"id":9452,"date":"2024-08-20T18:08:23","date_gmt":"2024-08-20T18:08:23","guid":{"rendered":"https:\/\/www.academiahistoriamilitar.cl\/academia\/?post_type=product&#038;p=9452"},"modified":"2026-03-11T13:03:23","modified_gmt":"2026-03-11T13:03:23","slug":"batallon-atacama","status":"publish","type":"product","link":"https:\/\/www.academiahistoriamilitar.cl\/academia\/producto\/batallon-atacama\/","title":{"rendered":"Batall\u00f3n Atacama"},"content":{"rendered":"<p><strong>Autor:<\/strong> Rodrigo Ugalde Prieto<br \/>\n<strong>Formato:<\/strong> Libro, Tapa blanda<br \/>\n<strong>419 p\u00e1ginas<\/strong><\/p>\n<p>Este libro trata la historia de una de las unidades chilenas m\u00e1s emblem\u00e1ticas de la Guerra del Pac\u00edfico: el Regimiento Atacama, el cual estuvo integrado por hijos de esa regi\u00f3n de nuestro pa\u00eds y particip\u00f3 en los hechos de armas m\u00e1s gloriosos de ese largo conflicto.<\/p>\n<p>Mineros y agricultores atacame\u00f1os dejaron sus herramientas de trabajo, para vestir el uniforme, empu\u00f1ar el fusil y arremeter con el corvo, en defensa de los derechos de Chile.<\/p>\n<p>Expresi\u00f3n de su esp\u00edritu de lucha y del cumplimiento del deber \u2014aun a costa de sus vidas\u2014 fue el hecho que, al t\u00e9rmino de la campa\u00f1a de Lima, s\u00f3lo regresaron 52 hombres de los 600 efectivos que a\u00f1os antes hab\u00edan partido a la guerra. Estos antecedentes, por s\u00ed solos, dan cuenta del porqu\u00e9 de su denominaci\u00f3n como \u201cEl m\u00e1s bravo entre los bravos de la Guerra del Pac\u00edfico\u201d. Es esta una historia que merece ser recordada y valorada por los chilenos de hoy.<\/p>\n","protected":false},"excerpt":{"rendered":"<p>Autor: Rodrigo Ugalde Prieto Formato: Libro, Tapa blanda 419 p\u00e1ginas Este libro trata<span class=\"excerpt-hellip\"> [\u2026]<\/span><\/p>\n","protected":false},"featured_media":9562,"template":"","meta":[],"product_brand":[],"product_cat":[71],"product_tag":[],"class_list":{"0":"post-9452","1":"product","2":"type-product","3":"status-publish","4":"has-post-thumbnail","6":"product_cat-libros","8":"first","9":"instock","10":"shipping-taxable","11":"purchasable","12":"product-type-simple"},"_links":{"self":[{"href":"https:\/\/www.academiahistoriamilitar.cl\/academia\/wp-json\/wp\/v2\/product\/9452","targetHints":{"allow":["GET"]}}],"collection":[{"href":"https:\/\/www.academiahistoriamilitar.cl\/academia\/wp-json\/wp\/v2\/product"}],"about":[{"href":"https:\/\/www.academiahistoriamilitar.cl\/academia\/wp-json\/wp\/v2\/types\/product"}],"wp:featuredmedia":[{"embeddable":true,"href":"https:\/\/www.academiahistoriamilitar.cl\/academia\/wp-json\/wp\/v2\/media\/9562"}],"wp:attachment":[{"href":"https:\/\/www.academiahistoriamilitar.cl\/academia\/wp-json\/wp\/v2\/media?parent=9452"}],"wp:term":[{"taxonomy":"product_brand","embeddable":true,"href":"https:\/\/www.academiahistoriamilitar.cl\/academia\/wp-json\/wp\/v2\/product_brand?post=9452"},{"taxonomy":"product_cat","embeddable":true,"href":"https:\/\/www.academiahistoriamilitar.cl\/academia\/wp-json\/wp\/v2\/product_cat?post=9452"},{"taxonomy":"product_tag","embeddable":true,"href":"https:\/\/www.academiahistoriamilitar.cl\/academia\/wp-json\/wp\/v2\/product_tag?post=9452"}],"curies":[{"name":"wp","href":"https:\/\/api.w.org\/{rel}","templated":true}]}}

Batallón Atacama

<p><strong>Autor:</strong> Rodrigo Ugalde Prieto<br />
<strong>Formato:</strong> Libro, Tapa blanda<br />
<strong>419 páginas</strong></p>
<p>Este libro trata la historia de una de las unidades chilenas más emblemáticas de la Guerra del Pacífico: el Regimiento Atacama, el cual estuvo integrado por hijos de esa región de nuestro país y participó en los hechos de armas más gloriosos de ese largo conflicto.</p>
<p>Mineros y agricultores atacameños dejaron sus herramientas de trabajo, para vestir el uniforme, empuñar el fusil y arremeter con el corvo, en defensa de los derechos de Chile.</p>
<p>Expresión de su espíritu de lucha y del cumplimiento del deber —aun a costa de sus vidas— fue el hecho que, al término de la campaña de Lima, sólo regresaron 52 hombres de los 600 efectivos que años antes habían partido a la guerra. Estos antecedentes, por sí solos, dan cuenta del porqué de su denominación como “El más bravo entre los bravos de la Guerra del Pacífico”. Es esta una historia que merece ser recordada y valorada por los chilenos de hoy.</p>

<p>Autor: Rodrigo Ugalde Prieto Formato: Libro, Tapa blanda 419 páginas Este libro trata<span class="excerpt-hellip"> […]</span></p>
