{"id":4,"date":"2012-08-29T15:50:48","date_gmt":"2018-04-10T20:02:52","guid":{"rendered":"http:\/\/www.academiahistoriamilitar.cl\/academia\/miembros\/"},"modified":"2026-04-01T17:24:01","modified_gmt":"2026-04-01T17:24:01","slug":"miembros","status":"publish","type":"page","link":"https:\/\/www.academiahistoriamilitar.cl\/academia\/miembros\/","title":{"rendered":"Miembros"},"content":{"rendered":"<\/p>\n<h1 style=\"text-align: center;\"><span style=\"color: #000080;\">MIEMBROS ACAD\u00c9MICOS<\/span><\/h1>\n<p style=\"text-align: center;\"><span style=\"color: #ffffff;\">&#8211; o &#8211;<\/span><\/p>\n<\/p><div class=\"wp-block-columns is-layout-flex wp-container-core-columns-is-layout-1 wp-block-columns-is-layout-flex\"><div class=\"wp-block-column is-layout-flow wp-block-column-is-layout-flow\"><h4 class=\"wp-block-heading has-text-align-left has-text-color\" style=\"color:#0c0771\"><strong>MIEMBROS FUNDADORES<\/strong><\/h4>\n\n<p>Juan Bancalari Zapettini \u2020<\/p>\n\n<p>H\u00e9ctor Barrera Vald\u00e9s \u2020<\/p>\n\n<p>Luis Beas Valenzuela \u2020<\/p>\n\n<p>Ra\u00fal Campusano Koster \u2020<\/p>\n\n<p>Washington Carrasco Fern\u00e1ndez \u2020<\/p>\n\n<p>Miguel Caviedes Llanillos \u2020<\/p>\n\n<p>V\u00edctor Ch\u00e1vez Daihle \u2020<\/p>\n\n<p>Carlos Cobo Vega \u2020<\/p>\n\n<p>Ram\u00f3n Elzo Barboza \u2020<\/p>\n\n<p>Virgilio Espinoza Palma \u2020<\/p>\n\n<p>Rafael Gonz\u00e1lez Novoa \u2020<\/p>\n\n<p>Edmundo Gonz\u00e1lez Salinas \u2020<\/p>\n\n<p>Florencio Infante D\u00edaz \u2020<\/p>\n\n<p>Guillermo Krumm Saavedra \u2020<\/p>\n\n<p>Sergio Larra\u00edn Eyzaguirre \u2020<\/p>\n\n<p>Alberto Mar\u00edn Madrid \u2020<\/p>\n\n<p>Jos\u00e9 Joaqu\u00edn Matte Varas \u2020<\/p>\n\n<p>Tom\u00e1s Opazo Santander \u2020<\/p>\n\n<p>Luis Ram\u00edrez Pineda \u2020<\/p>\n\n<p>Manuel Reyno Guti\u00e9rrez \u2020<\/p>\n\n<p>Sergio Rodr\u00edguez Rautcher<\/p>\n\n<p>Juan Carlos Stack Stack \u2020<\/p>\n\n<p>Carlos Valenzuela Sol\u00eds de Ovando \u2020<\/p>\n\n<p>Julio Von Chrismar Escuti \u2020<\/p><\/div>\n\n<div class=\"wp-block-column is-layout-flow wp-block-column-is-layout-flow\"><h4 class=\"wp-block-heading has-text-align-left has-text-color\" style=\"color:#0c0771\"><strong>MIEMBROS HONORARIOS<\/strong><\/h4>\n\n<p>Roberto Arancibia Clavel<\/p>\n\n<p>Andr\u00e9s Avenda\u00f1o Rojas<\/p>\n\n<p>Patricia Arancibia Clavel<\/p>\n\n<p>Francisco Tom\u00e1s Balart P\u00e1ez.<\/p>\n\n<p>Enrique Brahm Garc\u00eda<\/p>\n\n<p>Carlos Castro Sauritan<\/p>\n\n<p>Carlos Chac\u00f3n Guerrero<\/p>\n\n<p>Juan Emilio Cheyre Espinosa<\/p>\n\n<p>Gonzalo Duarte Garc\u00eda de Cort\u00e1zar<\/p>\n\n<p>Juan Miguel Fuente-Alba Poblete<\/p>\n\n<p>Fernando Hormaz\u00e1bal D\u00edaz<\/p>\n\n<p>Humberto Julio Reyes<\/p>\n\n<p>Marcos L\u00f3pez Ardiles<\/p>\n\n<p>Ricardo Mart\u00ednez Menanteau<\/p>\n\n<p>Sergio Mart\u00ednez Baeza<\/p>\n\n<p>Carlos Alberto M\u00e9ndez Notari<\/p>\n\n<p>Humberto Oviedo Arriagada<\/p>\n\n<p>Julio Retamal \u00c1vila<\/p>\n\n<p>Luis Alfredo Riveros Cornejo<\/p>\n\n<p>Alejandro San Francisco Reyes<\/p>\n\n<p>Javier Urbina Paredes<\/p>\n\n<p>Juan Eduardo Vargas Cariola<\/p>\n\n<p>Isidoro V\u00e1zquez de Acu\u00f1a y Garc\u00eda del Postigo<\/p>\n\n<p class=\"has-text-align-center has-text-color\" style=\"color:#ffffff\">&#8211; o &#8211;<\/p>\n\n<h4 class=\"wp-block-heading has-text-align-left has-text-color\" style=\"color:#0c0771\"><strong>MIEMBROS CORRESPONDIENTES<\/strong><\/h4>\n\n<p>Rafael Jos\u00e9 Barni (Instituto Argentino de la Historia)<\/p>\n\n<p>Luis Alamancos Pampin (Instituto Balear de la Historia, Espa\u00f1a)<\/p>\n\n<p>Humberto Corado Figueroa (Academia de Historia Militar de El Salvador)<\/p>\n\n<p>Jaime de Ferr\u00e1 y Gisbert (Instituto Balear de la Historia, Espa\u00f1a)<\/p>\n\n<p>Roberto Mart\u00edn Aranda (Instituto Balear de la Historia, Espa\u00f1a)<\/p>\n\n<p>Eduardo Mart\u00ednez Viqueira (Instituto Balear de la Historia, Espa\u00f1a)<\/p>\n\n<p>Rodolfo Orantos Mart\u00edn (Instituto Balear de la Historia, Espa\u00f1a)<\/p>\n\n<p>Jorge Ortega Gayt\u00e1n (Guatemala)<\/p>\n\n<p>Mariluz Puente Balsells (Instituto Balear de la Historia, Espa\u00f1a)<\/p>\n\n<p>Braulio de Revilla y Chavarr\u00eda (Instituto Balear de la Historia, Espa\u00f1a)<\/p>\n\n<p>Francisco Vi\u00f1als Carrera (Instituto Balear de la Historia, Espa\u00f1a)<\/p>\n\n<p>Coronel Ernesto Garc\u00eda (Presidente de la Academia de Historia Militar de El Salvador)<\/p>\n\n<p class=\"has-text-align-center\"><\/p><\/div>\n\n<div class=\"wp-block-column is-layout-flow wp-block-column-is-layout-flow\"><h4 class=\"wp-block-heading has-text-align-left has-text-color\" style=\"color:#0c0771\"><strong>MIEMBROS ACTIVOS<\/strong><\/h4>\n\n<p>Gabriel Alliende Figueroa<\/p>\n\n<p>Felipe Arancibia Clavel<\/p>\n\n<p>Claudia Arancibia Floody<\/p>\n\n<p>Rodrigo Arredondo Vicu\u00f1a<\/p>\n\n<p>Eduardo Arriagada Aljaro<\/p>\n\n<p>Gustavo Basso Cancino<\/p>\n\n<p>Sergio B\u00e9jares Von Chrismar<\/p>\n\n<p>Reinel Bocaz Rocha<\/p>\n\n<p>Antonio Braghetto Vergara<\/p>\n\n<p>H\u00e9ctor Bustamante Bravo<\/p>\n\n<p>Pedro Bustos Valderrama<\/p>\n\n<p>Lorenzo \u00c7aglevic Bakovic<\/p>\n\n<p>\u00c1lvaro Jos\u00e9 Casanova Mora<\/p>\n\n<p>Adela Cubillos Meza<\/p>\n\n<p>Ra\u00fal Dinator Moreno<\/p>\n\n<p>Jos\u00e9 Francisco Enberg Castro<\/p>\n\n<p>Jaime Garc\u00eda Covarrubias<\/p>\n\n<p>Aleksi Gloffka Reyes<\/p>\n\n<p>Rafael Gonz\u00e1lez Amaral<\/p>\n\n<p>Renato Gonz\u00e1lez Bull<\/p>\n\n<p>Ernesto Guti\u00e9rrez Barrales<\/p>\n\n<p>Erwin Herbstaedt G\u00e1lvez<\/p>\n\n<p>Tulio Edo. Hermosilla Arriagada<\/p>\n\n<p>Roberto Hern\u00e1ndez Maturana<\/p>\n\n<p>Pedro Hormaz\u00e1bal Espinosa<\/p>\n\n<p>Manuel Ib\u00e1\u00f1ez Cortiella<\/p>\n\n<p>Carlos Isler San Mart\u00edn<\/p>\n\n<p>Mario Larenas Carmona<\/p>\n\n<p>Cristi\u00e1n Le Dantec Gallardo<\/p>\n\n<p>Beatriz Linzmayer Fernandez<\/p>\n\n<p>Mar\u00eda Paz L\u00f3pez Parra<\/p>\n\n<p>Juan Eduardo Mendoza Pinto<\/p>\n\n<p>Carlos Molina Johnson<\/p>\n\n<p>Sergio Moreno Saravia<\/p>\n\n<p>Mart\u00edn Mu\u00f1oz Baeza<\/p>\n\n<p>El\u00edas Navarrete Sobarzo<\/p>\n\n<p>Juan Carlos N\u00fa\u00f1ez Bustamante<\/p>\n\n<p>Luis Olivares Dysli<\/p>\n\n<p>Alfredo Quadri Garc\u00eda<\/p>\n\n<p>Cristi\u00e1n Raggio Donoso<\/p>\n\n<p>Gabriel Rivera Vivanco<\/p>\n\n<p>Enrique Robles Diez<\/p>\n\n<p>Pablo Rodr\u00edguez M\u00e1rquez<\/p>\n\n<p>Ra\u00fal Romero Goenaga<\/p>\n\n<p>Sergio Andr\u00e9s Rosales Guerrero<\/p>\n\n<p>Ilse Sasso Olivares<\/p>\n\n<p>Victor Guillermo. Schneider Arce<\/p>\n\n<p>Claudio Tapia Figueroa<\/p>\n\n<p>Ana Mar\u00eda Tapia Villagra<\/p>\n\n<p>Javier Vargas Guarategua<\/p>\n\n<p>Sandrino Alfonso Vergara Paredes<\/p>\n\n<p>H\u00e9ctor Alfredo Villagra Massera<\/p>\n\n<p>Jorge Villarroel Carmona<\/p>\n\n<p>Eduardo Werner Cavada<\/p>\n\n<p>Miguel Zauschkevich Domeyko <\/p>\n\n<p>Roberto Urrutia Bravo<\/p><\/div><\/div>","protected":false},"excerpt":{"rendered":"<p>MIEMBROS ACAD\u00c9MICOS &#8211; o &#8211; MIEMBROS FUNDADORES Juan Bancalari Zapettini \u2020 H\u00e9ctor Barrera<span class=\"excerpt-hellip\"> [\u2026]<\/span><\/p>\n","protected":false},"author":1,"featured_media":0,"parent":0,"menu_order":0,"comment_status":"open","ping_status":"open","template":"","meta":{"footnotes":""},"class_list":["post-4","page","type-page","status-publish","hentry"],"_links":{"self":[{"href":"https:\/\/www.academiahistoriamilitar.cl\/academia\/wp-json\/wp\/v2\/pages\/4","targetHints":{"allow":["GET"]}}],"collection":[{"href":"https:\/\/www.academiahistoriamilitar.cl\/academia\/wp-json\/wp\/v2\/pages"}],"about":[{"href":"https:\/\/www.academiahistoriamilitar.cl\/academia\/wp-json\/wp\/v2\/types\/page"}],"author":[{"embeddable":true,"href":"https:\/\/www.academiahistoriamilitar.cl\/academia\/wp-json\/wp\/v2\/users\/1"}],"replies":[{"embeddable":true,"href":"https:\/\/www.academiahistoriamilitar.cl\/academia\/wp-json\/wp\/v2\/comments?post=4"}],"version-history":[{"count":41,"href":"https:\/\/www.academiahistoriamilitar.cl\/academia\/wp-json\/wp\/v2\/pages\/4\/revisions"}],"predecessor-version":[{"id":10144,"href":"https:\/\/www.academiahistoriamilitar.cl\/academia\/wp-json\/wp\/v2\/pages\/4\/revisions\/10144"}],"wp:attachment":[{"href":"https:\/\/www.academiahistoriamilitar.cl\/academia\/wp-json\/wp\/v2\/media?parent=4"}],"curies":[{"name":"wp","href":"https:\/\/api.w.org\/{rel}","templated":true}]}}